t. Let i(l) = q*p(l) + f(l). Let d(v) be the first derivative of i(v). Calculate d(-1).
1
Let n(i) = i + 11. Let r(a) be the third derivative of 0*a + 15*a**2 + 1/6*a**3 + 0. Let y(l) = n(l) - 4*r(l). Calculate y(-5).
2
Let l(s) be the first derivative of 40 - 1/20*s**5 - 3*s**2 - 1/3*s**3 - 1/2*s**4 - 12*s. Let u(x) be the first derivative of l(x). Calculate u(-5).
-21
Suppose 2*n = 3*r + 56, 2*n + 5*r = 5*n - 84. Let q = 22 - n. Let j(l) = 2*l**2 + 5*l - 8. Give j(q).
34
Let v(j) = -3*j**2 - 4*j + 6. Let g(b) = -13*b**2 + 14*b**2 - 7*b**3 + 6*b**3. Let k = -116 + 115. Let r(f) = k*v(f) + g(f). Give r(4).
10
Let n(a) = -2*a**3 - 4*a**2 + a + 5. Let j be n(-3). Suppose -w + 5*z + j = 0, w + 2*z + 1 = -0*w. Let b(p) = -p**3 + 3*p**2 + 7*p - 1. Calculate b(w).
-16
Let z = 1503 - 1514. Let p(i) = -3*i**2 - 30*i - 23. Determine p(z).
-56
Let a(g) = -5*g**2 + 31*g - 14. Let j(p) = 2*p**2 - 11*p + 5. Let h(v) = 8*a(v) + 22*j(v). Determine h(-6).
106
Let l(d) = -d**2 - 6*d - 6. Let j(z) be the first derivative of 5*z**2/2 + 5*z + 26. Let y(n) = 6*j(n) + 5*l(n). Let r = 55 + -56. Give y(r).
-5
Suppose -76 = -33*a + 89. Let p(r) = r**3 + 6*r**2 - 8*r + 4. Let v(m) = -4*m**3 - 18*m**2 + 25*m - 12. Let n(w) = -7*p(w) - 2*v(w). Calculate n(a).
1
Let u(f) be the first derivative of 1/24*f**4 + 3/2*f**3 + 0*f + 22*f**2 - 42. Let l(m) be the second derivative of u(m). Determine l(-7).
2
Let l = -172 + 173. Let t(n) = -l + 7*n**2 + 7*n**2 + n - 16*n**2 - n**2 + 2*n**3. Determine t(2).
5
Let d(f) be the second derivative of -f**5/60 - f**4/3 - f**3 - 25*f**2/2 + 23*f. Let g(y) be the first derivative of d(y). Give g(-6).
6
Let q be (9 - 0)/(20/60). Suppose -q*a + 18 = -24*a. Let y(o) = 5*o - 4. Determine y(a).
26
Let u be 16/6 - (-4)/(-6). Let w(i) be the second derivative of i**5/20 + i**4/12 - i**3/6 - i**2 + 12018*i. Give w(u).
8
Let m(q) = -q**3 + 10*q**2 + 9*q + 16. Suppose -b + 423 = -2*g - 25, -4*b + 1812 = -4*g. Let y = b + -447. Give m(y).
-6
Let k(a) = a**3 - 114*a**2 + 57*a**2 - 6*a + 59*a**2 - 7. Let w = -3148 - -3145. Determine k(w).
2
Let u = 664 - 661. Let a(g) = 11 - u*g - 41*g**2 - 9 - 50*g**2 + 92*g**2. Give a(1).
0
Let s(q) = -q**3 + 7*q**2 - 2*q + 17. Let w be s(7). Suppose -2*n + w = 17. Let i(j) = -j - 9. Give i(n).
-2
Let g(m) = -2*m**2 - m + 5. Let y(l) = l**3 + 18*l**2 + 14*l - 41. Let f(q) = -5*g(q) - y(q). Determine f(-7).
30
Let v(k) = -3*k**2 - 26*k - 9. Let h(o) = 59*o - 1188. Let i be h(20). What is v(i)?
7
Let n be 92/9 - (-4)/(-18). Let y(j) = -1 - 18*j + 38*j - 9*j + j**2 - n*j - 17*j. Determine y(16).
-1
Let a(i) = 100 - 172 - i**3 + 11*i**2 + 10*i - 47. Let j be a(11). Let f(s) = -s**2 - 8*s - 12. Give f(j).
-21
Let p(f) = -20*f - 176. Let a be p(-9). Let i be (-9)/(-36)*-5*a. Let y(n) = 2*n + 3 + 4*n + n**3 + 5*n**2 - 5*n. Determine y(i).
-2
Let k be 1/4 + (-4 - 279/(-36)). Let p be 3*(3 + -3 + k/4). Let s(v) = 2*v**2 - 8*v + 4. Let t be s(p). Let a(d) = 3*d**3 + 2*d**2 + d. Determine a(t).
-18
Suppose -n - 4*t + 3*t = -79, 2*t - 240 = -3*n. Let y = -74 + n. Let c(z) = -y + 4*z - 9*z + 6*z - 2. What is c(11)?
1
Suppose 2*m - 115 + 131 = 2*x, -5*x + m = 0. Let y be 4 - 3*3/9. Let f(r) = r**2 + y*r - 4*r**2 - 6*r. What is f(x)?
-6
Let l = -856 - -849. Let z(p) = -5*p**3 - 6*p**2 + 7*p + 11. Let x(w) = w**3 - 1. Let g(j) = -4*x(j) - z(j). Calculate g(l).
-7
Let o(z) = -4*z + 14. Let m(h) = -5*h + 14. Let s(p) = 3*m(p) - 4*o(p). Suppose -17*j + 119 = -10*j. Let l be (-2)/j + 1794/221. Determine s(l).
-6
Let b(m) = -68 + 68 - 20 - 5*m - 24. Calculate b(-24).
76
Let r = 1936 - 1934. Let b(d) = 24*d**2 - d + 6. Determine b(r).
100
Let o be (-2 - (2 + -2 + 3)) + 12. Suppose 14 = -m + k, 9*m + 3*k = o*m - 8. Let x(j) = -j**2 - 12*j - 7. What is x(m)?
13
Let v(a) = -3*a**2 + 3*a + a**2 + a**2 - 8*a**2 + 2. Suppose 4*t = -4*d - 24, -2*d + 3*d + 18 = -4*t. Give v(d).
-40
Let y(s) = s**3 - 5*s**2 - 6*s + 4. Let g be y(6). Suppose 2*h = -5*d - 24, -g*d - h = -11 + 32. Let k(u) = -u**3 - 7*u**2 - 9*u - 8. What is k(d)?
10
Let f(n) = -3*n**2 + 64*n - 5. Let c(v) = 12*v**2 + 73*v + 27. Let j be c(-6). Give f(j).
16
Let q(h) = -2*h**3 - 4*h**2 - 2*h + 2. Let r = 15747 - 15749. Give q(r).
6
Let d(h) = 6*h**2 + 112*h + 230. Let m(b) = -5*b**2 - 93*b - 192. Let i(y) = -11*d(y) - 13*m(y). Give i(-21).
8
Suppose -145 = 38*i + 7. Let k be 8 + (-14 - (1 + i)). Let r(c) = -c**3 - c**2 + 5*c + 3. Calculate r(k).
6
Let n(s) = 7*s**2 - 2*s**2 - 8 + 15*s - 5*s - 4*s**2. Let v = 128 + -139. Calculate n(v).
3
Let i(g) = g**2 + 7*g - 7. Let w = 395 + -389. Suppose 0 = -k + w*t - t + 12, -4*k + 4*t = 16. Calculate i(k).
1
Let d(a) = -a**2 - 3*a. Suppose g - 6 = -s, -3*g + g + 3*s - 8 = 0. Let y be g/4 - ((-495)/10)/(-11). Let q(n) = n**2 + n. Let i(w) = y*q(w) - d(w). Give i(1).
-4
Let p(j) = 2*j**2 - j + 1. Suppose -856*s - 18 = -859*s. Suppose 20*k - 4 = 17*k - h, 4*k + 2*h = s. Calculate p(k).
2
Let c(x) be the first derivative of -x**3/3 + 7*x**2 - 5*x - 106. Let t be c(0). Let d(n) be the third derivative of n**4/12 - n**3/2 + n**2. Determine d(t).
-13
Let t(h) = 5 - 2*h + 78 - 51. Determine t(26).
-20
Let q(p) = 3*p**2 - 15*p + 75. Let d(n) = -17*n**2 + 79*n - 373. Let j(i) = 2*d(i) + 11*q(i). Calculate j(0).
79
Suppose t + 1 = d, 4*d + 20 = 2*t + 24. Let w(k) be the second derivative of 5*k**3/3 - k**2/2 - k. Calculate w(d).
9
Let d(j) = -3*j - 1. Let g(b) = -71*b**3 + b**2 + b - 1. Let k be 4/6*(-6)/(-4). Let q be g(k). Let l = q - -68. Calculate d(l).
5
Let p(s) = s**2 - 19*s - 18. Suppose -4*h - 2*r = -48 - 4, 2*h = -4*r + 20. What is p(h)?
-88
Let f(p) = -28*p**2 - 5. Let q(t) = -55*t**2 - 11. Let x(o) = 9*f(o) - 4*q(o). Suppose -77*h - 4370 = 23*h - 4270. Calculate x(h).
-33
Let g(b) = 2*b**2 - b. Let w(x) = -9*x**2 + 3*x - 26. Let h(a) = 4*g(a) + w(a). Suppose -16 = -7*t - 16. Give h(t).
-26
Let f(o) be the first derivative of -2*o**3/3 + 3*o**2/2 - 4*o + 1068. Determine f(3).
-13
Let q(c) = c + 36. Let j(d) = -3*d - 101. Let v(t) = -6*j(t) - 17*q(t). Calculate v(-2).
-8
Let q(i) = -i**2 - 4*i + 1. Let r(u) = -3*u**2 - 8*u + 3. Let m(p) = -10*q(p) + 4*r(p). Let t be (42/(-28))/((-27)/198) + 1 + -8. Give m(t).
2
Let n(w) be the first derivative of w**4/4 + 8*w**3/3 - 7*w**2/2 + 26*w - 28. Let a be n(-9). Let o(m) = -m + 2. What is o(a)?
-6
Let r(m) = m. Suppose -9*d - 528 = 2*d. Let h = 42 + d. Let v be h/(-2) + 8 + -11. Calculate r(v).
0
Let l(q) = -q**3 - q**2 + q. Suppose -285*x + 0 - 3 = -3. Let w be 0*(-2 + 1) + 3. Suppose -w*t = 3*m - x*t - 6, 2*m + t = 0. Determine l(m).
2
Let k(p) be the second derivative of -4*p**3 + 97*p**2/2 + 3*p + 627. What is k(4)?
1
Suppose 7*m + 19 = 12. Let b(g) = -5*g**3 + g**2 - g - 2. Let d be b(m). Let l(q) = 0 - q + 0 + 1. Calculate l(d).
-4
Let w(j) = j**2 + 14*j + 5. Let k = -562 + 848. Suppose -7*u - 15*u = k. What is w(u)?
-8
Let z(q) = q + 6*q - 10*q - q**2 + 4*q. Let v(p) = p**3 + 2*p**2 + 3*p + 2. Let i(a) = v(a) - 4*z(a). Give i(-5).
32
Let i(t) = -2*t**2 - t - 1. Let y(b) be the first derivative of 5*b**3/3 + 9*b**2 + 3*b - 70. Let m(d) = -3*i(d) - y(d). Determine m(15).
0
Let z(d) = -d**2 - 11*d + 31. Suppose 27*n - 38 - 67 + 402 = 0. Determine z(n).
31
Suppose 0 = y + 4*o - 15, -5*y - 5*o = -5 - 25. Let t be ((-4)/16)/(((-3)/8)/3). Let x(k) = 0*k**2 - y*k**3 - 4 - 7*k**t + 0*k**2 + 2*k**3. What is x(-7)?
-4
Let m(v) be the third derivative of v**7/2520 - v**6/240 + v**5/30 + 5*v**4/4 - 40*v**2. Let z(r) be the third derivative of m(r). What is z(-9)?
-21
Let n(k) be the third derivative of -k**5/30 + 5*k**4/4 + 5*k**3/6 - 1800*k**2. What is n(14)?
33
Let j(y) = 73*y + 75. Suppose 119 = 9*f + 257 - 129. What is j(f)?
2
Suppose 443 = -39*m + 638. Let r(d) = -d - 4. What is r(m)?
-9
Let u(k) = k**2 + 5*k - 6. Let j(f) = -5*f + 1. Let z be j(-10). Let b = -46 + z. Let m = b - 11. Give u(m).
0
Let h(m) be the second derivative of -m**5/20 + 4*m**4/3 - 13*m**3/2 - 15*m**2/2 + 1448*m. Determine h(13).
-15
Let j(o) = -o**2 + o + 3. Let x(k) = -2*k**2 + 2*k + 19. Let d be x(-3). Let a be 8 + -3 + d - 0. Calculate j(a).
3
Let g = 9562 - 9557. Let s(d) = -d**3 + d**2 + 13*d - 6. Give s(g).
-41
Let x(z) be the second derivative of 3*z**3/2 - 13*z**2/2 + z - 692. What is x(-9)?
-94
Let o be ((-10)/(-3))/